e (-12)/(-10)*s/6. Suppose r*a - 6 = 8*a. What is the remainder when a is divided by 3?
0
Suppose 2*o + 3*o = -15, 0 = -3*h + o + 24. Suppose -4*d + 41 = -h. What is the remainder when 23 is divided by d?
11
Let m = -50 - -91. What is the remainder when m is divided by 8/(-10)*(-35)/2?
13
Let d be (-4)/(-6) - (-40)/(-24). Suppose 134 = 3*r + 5*t, 6 = t + 2. Calculate the remainder when r is divided by (-29 + 9)*1*d.
18
Let l(y) = y + 13. Let o be l(-6). Let b(z) = 2*z - 9. What is the remainder when 14 is divided by b(o)?
4
Suppose -k + 5*z + 26 = 0, -2*k = z + 2*z - 26. Let n = -2 + k. Suppose -3*i = -3*w + 48, w - n = 2*i - 3. What is the remainder when 61 is divided by w?
19
Let c(x) = x**3 - x**2 + x + 45. Calculate the remainder when c(0) is divided by 16.
13
Let k = -8 + 20. What is the remainder when 22 is divided by k?
10
Suppose -5*a = -v + 5*v - 30, 3*a - 45 = 3*v. Calculate the remainder when (2 - a)*30/(-24) is divided by ((-4)/12)/((-2)/24).
2
Suppose 0 = -i + 3*i - 54. Let j = 17 - i. Let c = j + 21. What is the remainder when 21 is divided by c?
10
Suppose 0 = 3*y - 4*u - 18, -2*y = -u - 0*u - 17. What is the remainder when 18 is divided by y?
8
Suppose 3 + 12 = 5*l. Calculate the remainder when 7 is divided by l.
1
Suppose 0 = -h + 5, 4*h + 25 = 5*u + 3*h. What is the remainder when 3 is divided by 7/21 + 10/u?
1
Suppose -4*y + 90 = y. Suppose 0 = 5*b - 102 - y. Calculate the remainder when 636/14 - 224/(-392) is divided by b.
22
Let k(j) = 4*j**2 + 2*j - 1. Let b be ((-46)/3)/((-8)/36). Suppose 5*p + 4 = b. Calculate the remainder when p is divided by k(1).
3
Let g be -1 - ((-6)/3 + -2). Let k(z) = -z**2 + 9*z - 6. What is the remainder when -2 + g + 1 + 0 is divided by k(8)?
0
What is the remainder when 2/(-2 - 2)*-142 is divided by 18?
17
Let u = 47 + -28. Let s = u - 11. What is the remainder when 29 is divided by s?
5
Let f = -46 - -86. Suppose 12 - f = -4*m. Let i = -11 + 23. What is the remainder when i is divided by m?
5
Let f be (-11)/(-6) - 1/(-6). Let s be (-25)/(-9) - f/(-9). Suppose s*d = -2*j + 98, 5*d - 7*j - 176 = -4*j. Calculate the remainder when d is divided by 18.
16
Calculate the remainder when 23 is divided by (-3)/(-6)*28 + -2.
11
Suppose -2*r + 12 = -n, n + 4*r = 5*n + 28. Let y = 0 - -20. What is the remainder when -1*(n + 1)*59 is divided by y?
19
Suppose -8 = -2*u + 28. Calculate the remainder when 51 is divided by u.
15
Suppose v + 3 = 51. Calculate the remainder when v is divided by 26.
22
Suppose 0 = -2*w - 0*w + 12. Suppose 0 = 2*t + 3*n - 13, 5*t + 4*n + 0*n = 43. What is the remainder when t is divided by w?
5
Let r(d) = d**2 + 2*d - 4. Let n be r(4). Let m = n + -3. Suppose 0 = 2*w + 8, -3*f + 2*f + w + 10 = 0. What is the remainder when m is divided by f?
5
What is the remainder when (-24)/9*-24*1 is divided by 13?
12
Suppose 0*n + 4*n + 2*w = -132, 3*n + 2*w + 101 = 0. Let g = -6 - n. What is the remainder when g is divided by 13?
12
Let x(h) = h**2 - h + 8. Let z be x(8). Suppose -4*i - z = -5*q, -i - 3*i - 4 = 0. What is the remainder when 34 is divided by q?
10
Let i(k) = 2*k**2 + 3*k - 2. Let s(d) = 3*d - d + 9*d**2 - 1 - 10*d**2 - 4*d - 3*d**3. Let x be s(-1). What is the remainder when i(x) is divided by 7?
4
Suppose -88 = -v + 66. Calculate the remainder when v is divided by 52.
50
Suppose -175 = -7*f + 2*f. Let d(a) be the first derivative of -a**4/4 + 10*a**3/3 + 12*a + 4. What is the remainder when f is divided by d(10)?
11
Suppose 313 + 122 = 5*l. Calculate the remainder when l is divided by 22.
21
Let y(f) = 20*f + 3. Suppose 0 = -3*a + 5*a - 6. What is the remainder when y(a) is divided by 16?
15
Let h(s) = 9*s + 7. Let m(t) = t + 1. Let f be (-1)/(-4 - -3)*1. Let n(v) = f*h(v) - 5*m(v). Calculate the remainder when n(5) is divided by 8.
6
Let k = 31 + 69. What is the remainder when k is divided by 34?
32
Suppose 0 = f + 3 - 13. What is the remainder when 17 is divided by f?
7
Let q(b) = -b**2 + 8*b + 22. Calculate the remainder when 21 is divided by q(9).
8
Suppose 24 = -2*x - 2*x. Let v = x - -21. What is the remainder when 43 is divided by v?
13
Suppose -30 = -i - 4*t, 3 = -t - 2*t. Suppose 2 = -2*k + i. What is the remainder when 46 is divided by k?
14
Suppose 2 = w - 2. Let n(l) = -2*l + w*l**2 + 2*l**2 + 0*l**2 - 1. What is the remainder when n(-1) is divided by 3?
1
Let u(n) = -2*n + 5. Calculate the remainder when 38 is divided by u(-4).
12
Let w(a) = 1 + 4*a - a**3 - a - 2. Let q be w(2). Let i = 6 + q. What is the remainder when 3 is divided by i?
0
Let d(w) = w**2 + 8*w + 2. Suppose -2 = -s + 2. What is the remainder when s is divided by d(-8)?
0
Let z(l) = l**2 - 4*l - 6. What is the remainder when z(-4) is divided by 9?
8
Suppose h = o + 257, 7*h + 2*o = 3*h + 1058. Suppose 5*p - h = -27. Calculate the remainder when p is divided by 16.
15
Let l = 16 + 42. Calculate the remainder when l is divided by 15.
13
Let v(u) = -4*u**2 + 2*u - 6. Let i(m) = 3*m**2 - 3*m + 5. Let g(z) = 5*i(z) + 4*v(z). Calculate the remainder when g(-5) is divided by 6.
5
Let s = 2 - 0. Suppose -s*n - 3*f = 2*n - 175, 4*f = 5*n - 180. What is the remainder when n is divided by (-128)/(-9) - (-4)/(-18)?
12
Let q(i) = i**3 - 7*i**2 + 3*i + 5. Let w(s) = 3*s**2 + 3*s + 1. Let c be w(-2). What is the remainder when q(c) is divided by 9?
8
Let h(d) = d**2 - d - 4. Suppose 0 = -4*a + 3*q - q + 10, 4*a - 14 = -2*q. Suppose a = 2*s - 3. Calculate the remainder when h(s) is divided by 1.
0
What is the remainder when 57 is divided by 8 + (-1)/(1/(-2))?
7
Suppose -2*o + 11 = 3. What is the remainder when 57 is divided by (-1 - o)/(8/(-24))?
12
Suppose -51 = -h + 41. Suppose 5*q + 17 = h. Calculate the remainder when (-8)/(-10)*q/6 is divided by 1.
0
Suppose 5*p - 2*x = 59, -4*p = p + 5*x - 80. Suppose d + 16 + 1 = 2*u, -2*d = 6. Calculate the remainder when p is divided by u.
6
Let l = -3 - -12. Let q(w) = 2*w + 8. Let y be q(-6). Let j = l + y. What is the remainder when j is divided by 2?
1
Let m be (-55)/(-2) + (-2)/4. Suppose 5*y - 2*y = m. Let c = -10 + 35. What is the remainder when c is divided by y?
7
Suppose h = -7 + 46. Let k = -1 - -5. What is the remainder when h is divided by (-3)/6*-5*k?
9
Suppose 0*g - 12 = -g. Suppose 4*t - 2*t - 5*v = 91, -3*t + 164 = -2*v. Calculate the remainder when t is divided by g.
10
Let i(x) = 16*x**2 + x - 1. Let n be i(1). Let o = n - -53. Calculate the remainder when o is divided by 14.
13
Suppose -4 = -n - 1. Suppose -n*x + 8 = -1. Calculate the remainder when (-6)/42 + (-4)/((-84)/87) is divided by x.
1
Let x be (-1 - 1)/((-4)/12). Let k = x - -1. What is the remainder when 27 is divided by k?
6
Suppose 0 = 3*y + 3*h - 18, -4*y + 9 = -2*y + 3*h. Suppose -y - 26 = -5*m. What is the remainder when 26 is divided by m?
5
Let a(o) = -7*o**2 + 3*o + 9 - o - o - o**2 + o**3. Calculate the remainder when (22/(-6))/(3/(-27)) is divided by a(8).
16
Let o = 63 - 25. What is the remainder when o is divided by 10?
8
What is the remainder when 31 is divided by ((-3)/(-12))/((-5)/(-220))?
9
Let b be (1/(-3))/(1/(-87)). Suppose -4*h = -3*h - b. Let s = 1 + 9. Calculate the remainder when h is divided by s.
9
Let d(x) = x + 3. Let a(p) = 2*p + 2. Let t be a(10). Let w(b) = 4*b + 11. Let n(r) = t*d(r) - 6*w(r). What is the remainder when 21 is divided by n(-3)?
3
Let l be 28*-1*(-1)/4. Let d(q) = 2*q. What is the remainder when 41 is divided by d(l)?
13
Let n = -8 + 6. What is the remainder when (-167)/(-3) - 2/3 is divided by -1 + 17 + n + 0?
13
Suppose g - 66 = 2*t, -2*t + 265 = 5*g + t. What is the remainder when 222 is divided by g?
54
Let k = -45 - -49. What is the remainder when 32/5 + (-2)/5 is divided by k?
2
Let d = -10 + 21. Calculate the remainder when (12/(-10))/(6/(-100)) is divided by d.
9
Let h = -1 - -4. Let d(j) = -2 + 0*j + 0*j - 2*j**2 + 3*j**2. Calculate the remainder when h is divided by d(2).
1
Suppose -13 = -3*h + 8. Suppose -h*r = -2*r - 205. Let j(i) = 2*i**2 - 6*i - 6. What is the remainder when r is divided by j(5)?
13
Suppose 0*i + 96 = 3*i. Suppose -4*o = i - 140. What is the remainder when o is divided by 7?
6
Suppose -6*d + 13 = 3*r - d, 0 = -3*r - 4*d + 11. Suppose 2*c + 55 = -3*c. Let k = 12 + c. What is the remainder when r is divided by